 of 353801561.
353801561
List the prime factors of 82531154.
2, 47, 617, 1423
List the prime factors of 52114030.
2, 5, 1163, 4481
What are the prime factors of 1175436319?
1175436319
List the prime factors of 140630047.
73, 1926439
What are the prime factors of 1890134039?
199, 9498161
What are the prime factors of 3105929271?
3, 59, 263, 66721
What are the prime factors of 2239123643?
8171, 274033
What are the prime factors of 197076246?
2, 3, 19, 1728739
List the prime factors of 776160969.
3, 258720323
What are the prime factors of 1580932187?
17, 29, 89, 137, 263
List the prime factors of 2955281992.
2, 13, 28416173
List the prime factors of 5033314808.
2, 629164351
List the prime factors of 261101119.
37, 373, 18919
What are the prime factors of 221248617?
3, 73749539
What are the prime factors of 9087386?
2, 7, 11, 59009
List the prime factors of 373065016.
2, 4451, 10477
List the prime factors of 1727123639.
109, 15845171
What are the prime factors of 75183711?
3, 23, 31, 35149
List the prime factors of 894157393.
139, 521, 12347
What are the prime factors of 2228911646?
2, 13, 23, 67, 55631
What are the prime factors of 3250722347?
1559, 2085133
What are the prime factors of 2626078060?
2, 5, 17, 61, 127, 997
What are the prime factors of 89315781?
3, 29771927
List the prime factors of 7102876.
2, 11, 109, 1481
List the prime factors of 99435533.
17, 5849149
List the prime factors of 136411502.
2, 17, 4012103
What are the prime factors of 274554971?
73, 3761027
What are the prime factors of 45752019?
3, 19, 802667
List the prime factors of 425505122.
2, 7, 101, 42989
What are the prime factors of 106153537?
7, 15164791
What are the prime factors of 268220724?
2, 3, 89, 251143
What are the prime factors of 107989988?
2, 31, 229, 3803
List the prime factors of 553492481.
553492481
What are the prime factors of 1104142638?
2, 3, 59, 659, 4733
What are the prime factors of 1974092135?
5, 394818427
List the prime factors of 209044928.
2, 3266327
What are the prime factors of 5517787947?
3, 7, 262751807
List the prime factors of 169590179.
11, 15417289
List the prime factors of 442917582.
2, 3, 947, 77951
What are the prime factors of 1332039438?
2, 3, 149, 165553
What are the prime factors of 7799137201?
31, 251585071
What are the prime factors of 52412247?
3, 659, 8837
What are the prime factors of 16635231?
3, 17, 108727
List the prime factors of 329974088.
2, 43, 959227
What are the prime factors of 222341784?
2, 3, 7, 53, 24971
List the prime factors of 149316604.
2, 2719, 13729
What are the prime factors of 28257815?
5, 41, 307, 449
What are the prime factors of 29448214?
2, 19, 40787
List the prime factors of 144591307.
7, 17, 137, 181
List the prime factors of 846319205.
5, 169263841
What are the prime factors of 35895435?
3, 5, 2393029
What are the prime factors of 621352104?
2, 3, 67, 386413
List the prime factors of 246581636.
2, 7, 8806487
List the prime factors of 275458505.
5, 7, 7870243
What are the prime factors of 1690460795?
5, 15643, 21613
What are the prime factors of 1627278741?
3, 11, 599, 3049
List the prime factors of 1015689476.
2, 23, 11040103
List the prime factors of 79862244.
2, 3, 7, 11, 19, 4549
List the prime factors of 41672180.
2, 5, 11, 307, 617
What are the prime factors of 351562195?
5, 43, 1635173
List the prime factors of 39839759.
39839759
List the prime factors of 48609737.
11, 43, 102769
What are the prime factors of 114393977?
41, 283, 9859
List the prime factors of 185972628.
2, 3, 15497719
What are the prime factors of 4735235?
5, 373, 2539
What are the prime factors of 171175390?
2, 5, 107, 159977
List the prime factors of 1444393995.
3, 5, 11, 8753903
What are the prime factors of 760488159?
3, 61, 4155673
What are the prime factors of 2146138504?
2, 29, 157, 58921
List the prime factors of 162935315.
5, 1471, 22153
What are the prime factors of 3795144911?
19, 79, 2528411
What are the prime factors of 94388198?
2, 47194099
List the prime factors of 551602044.
2, 3, 7, 1321, 1657
List the prime factors of 722034056.
2, 90254257
What are the prime factors of 5484520316?
2, 11, 19, 6560431
List the prime factors of 349552112.
2, 7, 13, 101, 2377
List the prime factors of 2668489268.
2, 191, 3492787
List the prime factors of 166121748.
2, 3, 13, 354961
What are the prime factors of 2159303771?
59, 36598369
What are the prime factors of 2281035116?
2, 103, 241, 22973
What are the prime factors of 842253295?
5, 13, 2293, 5651
List the prime factors of 4684706012.
2, 7, 37, 47, 96211
List the prime factors of 136181103.
3, 2741, 16561
List the prime factors of 2415685654.
2, 137, 1091, 8081
List the prime factors of 14541978.
2, 3, 11, 220333
What are the prime factors of 100056427?
6229, 16063
What are the prime factors of 836825332?
2, 7, 87133
What are the prime factors of 5582029?
19, 293791
List the prime factors of 77980641.
3, 1303, 19949
List the prime factors of 121107225.
3, 5, 139, 11617
What are the prime factors of 189084420?
2, 3, 5, 7, 150067
List the prime factors of 82907563.
82907563
List the prime factors of 112861681.
8681, 13001
List the prime factors of 35499508.
2, 11, 806807
List the prime factors of 1880700487.
937, 2007151
What are the prime factors of 623939299?
623939299
What are the prime factors of 28923703?
191, 151433
List the prime factors of 601557134.
2, 23, 13077329
List the prime factors of 287614816.
2, 23, 390781
What are the prime factors of 229480107?
3, 1621, 47189
What are the prime factors of 611105665?
5, 547, 223439
What are the prime factors of 4340368?
2, 271273
List the prime factors of 3819551941.
179, 3637, 5867
What are the prime factors of 143189585?
5, 7, 11, 33811
List the prime factors of 55128981.
3, 18376327
List the prime factors of 244557355.
5, 7, 191, 36583
List the prime factors of 4338266321.
9967, 435263
What are the prime factors of 508504759?
7, 5623, 12919
What are the prime factors of 31560651?
3, 131, 8923
List the prime factors of 26784841.
103, 260047
List the prime factors of 3477647247.
3, 1159215749
What are the prime factors of 43799250?
2, 3, 5, 11, 5309
List the prime factors of 73027666.
2, 1069, 34157
What are the prime factors of 166383623?
7, 137, 173497
What are the prime factors of 696680036?
2, 13, 41, 326773
What are the prime factors of 690781723?
17, 101, 109, 3691
List the prime factors of 3037032618.
2, 3, 19, 89, 299333
What are the prime factors of 746101922?
2, 23, 16219607
What are the prime factors of 47040363?
3, 5226707
List the prime factors of 341122263.
3, 139, 563, 1453
What are the prime factors of 2755983433?
7, 393711919
What are the prime factors of 2925745227?
3, 325082803
What are the prime factors of 3770167?
3770167
What are the prime factors of 208879916?
2, 7, 7459997
What are the prime factors of 190184307?
3, 5309, 11941
What are the prime factors of 1167701019?
3, 37, 787, 13367
List the prime factors of 125472971.
13, 17, 567751
What are the prime factors of 20076269?
17, 1180957
What are the prime factors of 34773860?
2, 5, 11, 263, 601
List the prime factors of 6143929414.
2, 7, 19, 23097479
List the prime factors of 264601231.
43, 2081, 2957
What are the prime factors of 8636689?
8636689
List the prime factors of 153899453.
17, 9052909
What are the prime factors of 47123353?
47123353
List the prime factors of 1303333765.
5, 260666753
What are the prime factors of 131790043?
7, 11, 89, 19231
List the prime factors of 28246365.
3, 5, 7, 89671
What are the prime factors of 244179200?
2, 5, 38153
List the prime factors of 18955093.
18955093
What are the prime factors of 44908678?
2, 22454339
What are the prime factors of 72572844?
2, 3, 6047737
What are the prime factors of 3349813608?
2, 3, 443, 105023
List the prime factors of 1923016134.
2, 3, 13, 1499, 16447
List the prime factors of 1812864404.
2, 13, 19, 1834883
What are the prime factors of 48872611?
1151, 42461
List the prime factors of 14058335.
5, 37, 75991
What are the prime factors of 523854630?
2, 3, 5, 13, 389, 1151
List the prime factors of 517488859.
31, 197, 84737
What are the prime factors of 72493190?
2, 5, 7, 11, 31, 3037
List the prime factors of 578054990.
2, 5, 3137, 18427
What are the prime factors of 40427742